*2 + 3*o + 4. Let m be r(-3). Suppose -h + 13 = -m. List the prime factors of 10/15 + h/6.
2
Let m = -38 + 63. List the prime factors of m.
5
Suppose 2*y + z = 12, 2*y + 0*z - z = 20. Suppose 0*c - y = -c. What are the prime factors of c?
2
Suppose -63 + 10 = -5*i + 3*j, -5*j - 25 = -2*i. Let z(n) = 3*n + 1. Let q be z(-2). Let k = i + q. What are the prime factors of k?
5
List the prime factors of (-332)/(-16) + (-6)/(-24).
3, 7
What are the prime factors of (-4)/(-18) + (-788)/(-18)?
2, 11
Suppose -50 - 58 = -3*g. Suppose -2*d + a + 3 = -10, -4*d = -4*a - g. Suppose -5*q + 2*h + 5 = -5, -2*q + 3*h + d = 0. What are the prime factors of q?
2
Let x be (-2 - -1) + 32 - -1. Suppose 8 = 2*r - x. Let t = -14 + r. List the prime factors of t.
2, 3
Suppose -i - 4 = -0. Let u(h) = -h + 5. List the prime factors of u(i).
3
Let p(f) = 0*f**2 + 9*f + f**2 - 3 + 5. Let r be p(-9). List the prime factors of 7/r - 3/2.
2
Let p(j) = j - 6. Let z be p(5). Let o(s) = -s**2 - 7*s + 3. Let u be o(-7). Let g = z + u. List the prime factors of g.
2
Let c = -10 - -24. List the prime factors of c.
2, 7
Let i(q) be the first derivative of 4*q**3/3 + q**2 + q - 1. What are the prime factors of i(-2)?
13
Let q = 7 + 19. List the prime factors of 1/(4/8) + q.
2, 7
List the prime factors of (-735)/(-10) - (-1)/2.
2, 37
Let p = 67 - -31. What are the prime factors of p?
2, 7
Let y be ((-2)/6)/(3/(-45)). Suppose -4*d = -y - 3. List the prime factors of d.
2
Let g(s) = s**3 + 5*s**2 + 4*s + 2. Let f be g(-4). Let x be f/2*6/3. Let b = 9 + x. List the prime factors of b.
11
What are the prime factors of 8/(-1)*(9 + -13)?
2
Let d(q) = q**2 - 2*q + 2. Let f be d(3). Suppose 32 = 5*k + 3*p, -k = -3*k - f*p + 9. List the prime factors of k.
7
Let p(k) = 2*k + 1. Let x(v) = v**2 + 6*v + 2. Let q(g) = -8*p(g) + 3*x(g). List the prime factors of q(-3).
19
Suppose -3*i = i - 36. List the prime factors of 2/(21/i + -2).
2, 3
Let r(c) = -1 + 8*c**2 + 3 + c**3 + 5 + 0 + c. Let x be r(-8). What are the prime factors of 146/8 - x/(-4)?
2, 3
Suppose 3*d + 4*j + j - 29 = 0, -j - 2 = -2*d. Suppose -4*c + 101 = 5*n - 0*c, -d*n + 4*c + 67 = 0. What are the prime factors of n?
3, 7
Let u(c) = -c**3 - c + 8. Let o(p) = -p**3 - 5*p**2 + 7*p + 6. Let h be o(-6). What are the prime factors of u(h)?
2
Suppose -o + 24 + 7 = 0. What are the prime factors of o?
31
List the prime factors of (2 - -4)/6*44.
2, 11
Suppose -7 = -p - 4. What are the prime factors of p?
3
Let c(u) = -89*u - 3. What are the prime factors of c(-1)?
2, 43
Let p = 14 - 12. List the prime factors of p.
2
Let d be 6 + 0*(-3)/6. Suppose 5*t = -0*t + 100. Suppose d = 4*i - 2*p, -2*i - 4*p - 2 = -t. List the prime factors of i.
3
Let x = -3 + 3. Suppose 4*b - 7 - 1 = x. List the prime factors of b.
2
Let g(z) be the third derivative of 7*z**6/360 + z**5/120 - z**3/3 + 3*z**2. Let w(v) be the first derivative of g(v). List the prime factors of w(1).
2
Let c = -3 + 3. Suppose 0*d - d = c. Suppose 40 = 3*v + 4*s, d = -2*v + 4*v - 5*s - 65. List the prime factors of v.
2, 5
Suppose -v = c + c - 202, 5*v - 2*c = 1034. List the prime factors of v.
2, 103
Suppose 3*g - 2 = -5, -101 = 5*m - 4*g. Let b = m - -34. List the prime factors of b.
13
Suppose 2*l = -c - 0*l + 10, -2*c + 25 = 5*l. Suppose -5*p - y + 64 = c, -2*p + 4*p = -5*y + 44. List the prime factors of p.
2, 3
Let d be 154/(-21) - (-2)/6. Let y(f) = f - 3*f + f**3 - 9 + 10*f**2 - 3*f**2. List the prime factors of y(d).
5
Let k = 5 + -7. List the prime factors of k - -1 - (-2 - 11).
2, 3
Let q(t) be the first derivative of -t**4/4 - 5*t**3/3 - 2*t**2 + 4*t + 3. List the prime factors of q(-4).
2
Let b = 8 - -13. What are the prime factors of b?
3, 7
Suppose 0 = -2*o - 3*o + 205. List the prime factors of o.
41
Let n(o) = o**2 - 2*o + 2. Let t be n(2). Suppose -t*r + 1 = -1. Suppose -r = x - 8. List the prime factors of x.
7
Let w(k) = -149*k**3 - k**2 + 1. What are the prime factors of w(-1)?
149
Let q be (0 - 1)*(2 + -2). Suppose q = -z - 0 + 3. What are the prime factors of z?
3
Let n(l) = 9*l**2 + 4*l - 3. What are the prime factors of n(2)?
41
Let w = 61 + -129. What are the prime factors of 6/15 + w/(-5)?
2, 7
Let l be (-26)/(-6) + (-2)/(-3). Suppose l*h - 9*h = -176. List the prime factors of h.
2, 11
Suppose -5*i = -3*x + 116, -i = -x + 4*i + 22. What are the prime factors of x?
47
Let k(q) = -q**2 + 7*q - 3. Let a be k(6). Let b(o) = o**3 - 2*o**2 + 2 + 2 + 2*o - 7. List the prime factors of b(a).
2, 3
Suppose -2*o - 3*w = -22, 2*o + 3*w = -2*o + 44. Let m = 24 - o. What are the prime factors of m?
13
Let b be (-10)/45 + (-112)/(-18). What are the prime factors of (4/b)/(6/108)?
2, 3
List the prime factors of (-8)/12 + 1148/12.
5, 19
Suppose -4*t + t + 24 = 0. List the prime factors of t.
2
Suppose 59*y - 61*y = -136. List the prime factors of y.
2, 17
Let i(h) = 2*h**2 + 10*h - 10. Let a be i(-8). Let w = 65 - a. List the prime factors of w.
3
Let l(a) = a**3 - 7*a**2 + 4*a + 4. Let j be l(5). Let o = 15 - j. What are the prime factors of o?
41
Let i(g) = 4*g**3 - g**2 + 4*g - 2. Let d be i(3). Suppose 37 = -3*z + d. What are the prime factors of z?
2, 3
Let q = 1 - 2. Let b be (3 - 1)*-1 - -7. What are the prime factors of b*q*(-6)/3?
2, 5
Let t be ((-15)/6 - -2)*0. Suppose l - p - 70 = t, -2*p - 130 - 226 = -5*l. Suppose -5*m = -m - l. List the prime factors of m.
2, 3
Let g = -32 - -49. List the prime factors of g.
17
Let m(o) = -5*o. Let g be m(-1). Suppose -2*v - 2*d = -8, g*v + 5*d = d + 19. Let h(w) = w**2 + 2*w - 3. What are the prime factors of h(v)?
2, 3
What are the prime factors of (-5)/((-100)/(-135))*-12?
3
Let a(x) = -x**3 - 6*x**2 + 8*x + 8. Let d be a(-8). Let i = d - 46. What are the prime factors of i?
2, 13
Let o(k) = 8*k + 66. List the prime factors of o(12).
2, 3
Let l = 19 + -21. Suppose x + 3 = 2*t, 0 = -t - 4*t + 20. Let h = x + l. What are the prime factors of h?
3
Let x be 10/2 + 0 + -2. Suppose -5*s - t = 135, 0*t - x = s + 5*t. List the prime factors of (-2)/(-7) - 160/s.
2, 3
Let o(a) be the first derivative of 1/4*a**4 - 1 - a**3 - 2*a + 2*a**2. List the prime factors of o(2).
2
Let s = -188 + 120. Let a be ((-9)/6)/(3/s). List the prime factors of a/8 - 2/8.
2
Suppose -3 = -3*r, 0*o = -2*o - 2*r + 140. Suppose c - 3*f + o = 5*c, 3*f - 9 = 0. What are the prime factors of c?
3, 5
Suppose 0 = 4*f - 4*k + 4, 5*f - 31 = 3*k - 7*k. Suppose 80 = 4*q + 3*v - 5*v, -f*v - 100 = -5*q. Let m = q + -12. List the prime factors of m.
2
Let r = 3 - -5. Let q = 3 + r. What are the prime factors of q?
11
List the prime factors of ((-9)/(9/56))/(-1).
2, 7
What are the prime factors of 149 - (-1)/1 - -4?
2, 7, 11
What are the prime factors of 26*(-3)/6*(-60)/3?
2, 5, 13
Let k = -94 - -145. Let a = k + -25. What are the prime factors of a?
2, 13
Let m be (-2)/3 + (-65)/(-3). Let h = m + -9. Suppose u - s = 8, 30 + h = 5*u - 4*s. List the prime factors of u.
2, 5
Let b(r) = -4*r**2 + r. Let y(k) = -k**2 + 1. Let t(n) = b(n) - 3*y(n). Let q be t(4). List the prime factors of 0 - (0 - (-1 - q)).
2, 7
Suppose -5*f = -0*f - 590. What are the prime factors of f?
2, 59
Suppose -207 + 39 = 4*f. Let z = f + 70. List the prime factors of z.
2, 7
Suppose -4*c + 12 = -3*c. Let k = 2 + c. List the prime factors of k.
2, 7
Let b(i) = -10*i - 2. List the prime factors of b(-2).
2, 3
Suppose 5*b - b - 3*u = 341, 0 = -4*b + 4*u + 344. What are the prime factors of b?
83
Suppose 5*s - 27 = 23. Let o be s*(-1 + (-7)/(-5)). Suppose -f + o*f = 30. List the prime factors of f.
2, 5
Let q be -1 + 1 + (0 - 1). Let r be 9/3*(-35)/(-15). Let z = r - q. What are the prime factors of z?
2
List the prime factors of (204/(-85))/(3/(-10)).
2
Let h = -123 - -205. Suppose -3*w + 4*a = -h, 3*w - 2*w = -a + 39. What are the prime factors of w?
2, 17
Let r = 128 - -106. List the prime factors of r.
2, 3, 13
Let p(c) = -6*c. Let f be p(1). Let l = -2 - f. Suppose -l*k = -k - 15. List the prime factors of k.
5
Let z be 60/50*(-400)/(-3). Suppose 0 = -6*q + q + z. List the prime factors of q.
2
Suppose -1 = 2*n - 13. Let w(s) = s - 1. What are the prime factors of w(n)?
5
Let f = 1 - -11. Suppose 0 = -5*y + 58 + f. What are the prime factors of y?
2, 7
Let f(z) = 0 + 1 - 7 - z. Let x be f(-8)